{"id":513,"date":"2024-03-22T14:41:36","date_gmt":"2024-03-22T17:41:36","guid":{"rendered":"https:\/\/sitehomolog.com.br\/novodrive7\/?page_id=513"},"modified":"2024-05-08T15:19:02","modified_gmt":"2024-05-08T18:19:02","slug":"paineis-skids-kits","status":"publish","type":"page","link":"https:\/\/drive7.com.br\/index.php\/paineis-skids-kits\/","title":{"rendered":"Instala\u00e7\u00e3o de Pain\u00e9is, Skids e Kits"},"content":{"rendered":"\t\t<div data-elementor-type=\"wp-page\" data-elementor-id=\"513\" class=\"elementor elementor-513\" data-elementor-post-type=\"page\">\n\t\t\t\t<div class=\"elementor-element elementor-element-25c7ddb e-flex e-con-boxed e-con e-parent\" data-id=\"25c7ddb\" data-element_type=\"container\" data-settings=\"{&quot;background_background&quot;:&quot;classic&quot;}\">\n\t\t\t\t\t<div class=\"e-con-inner\">\n\t\t\t\t<div class=\"elementor-element elementor-element-27fd674 elementor-widget elementor-widget-heading\" data-id=\"27fd674\" data-element_type=\"widget\" data-widget_type=\"heading.default\">\n\t\t\t\t<div class=\"elementor-widget-container\">\n\t\t\t<style>\/*! elementor - v3.21.0 - 08-05-2024 *\/\n.elementor-heading-title{padding:0;margin:0;line-height:1}.elementor-widget-heading .elementor-heading-title[class*=elementor-size-]>a{color:inherit;font-size:inherit;line-height:inherit}.elementor-widget-heading .elementor-heading-title.elementor-size-small{font-size:15px}.elementor-widget-heading .elementor-heading-title.elementor-size-medium{font-size:19px}.elementor-widget-heading .elementor-heading-title.elementor-size-large{font-size:29px}.elementor-widget-heading .elementor-heading-title.elementor-size-xl{font-size:39px}.elementor-widget-heading .elementor-heading-title.elementor-size-xxl{font-size:59px}<\/style><h1 class=\"elementor-heading-title elementor-size-default\">Instala\u00e7\u00e3o de Pain\u00e9is, Skids e Kits<\/h1>\t\t<\/div>\n\t\t\t\t<\/div>\n\t\t\t\t\t<\/div>\n\t\t\t\t<\/div>\n\t\t<div class=\"elementor-element elementor-element-12d3d48 e-flex e-con-boxed e-con e-parent\" data-id=\"12d3d48\" data-element_type=\"container\" data-settings=\"{&quot;background_background&quot;:&quot;classic&quot;}\">\n\t\t\t\t\t<div class=\"e-con-inner\">\n\t\t\t\t<div class=\"elementor-element elementor-element-3eb5560 elementor-widget elementor-widget-heading\" data-id=\"3eb5560\" data-element_type=\"widget\" data-widget_type=\"heading.default\">\n\t\t\t\t<div class=\"elementor-widget-container\">\n\t\t\t<h3 class=\"elementor-heading-title elementor-size-default\">Fabrica\u00e7\u00e3o de Pain\u00e9is El\u00e9tricos<\/h3>\t\t<\/div>\n\t\t\t\t<\/div>\n\t\t\t\t<div class=\"elementor-element elementor-element-3175964 elementor-widget elementor-widget-text-editor\" data-id=\"3175964\" data-element_type=\"widget\" data-widget_type=\"text-editor.default\">\n\t\t\t\t<div class=\"elementor-widget-container\">\n\t\t\t<style>\/*! elementor - v3.21.0 - 08-05-2024 *\/\n.elementor-widget-text-editor.elementor-drop-cap-view-stacked .elementor-drop-cap{background-color:#69727d;color:#fff}.elementor-widget-text-editor.elementor-drop-cap-view-framed .elementor-drop-cap{color:#69727d;border:3px solid;background-color:transparent}.elementor-widget-text-editor:not(.elementor-drop-cap-view-default) .elementor-drop-cap{margin-top:8px}.elementor-widget-text-editor:not(.elementor-drop-cap-view-default) .elementor-drop-cap-letter{width:1em;height:1em}.elementor-widget-text-editor .elementor-drop-cap{float:left;text-align:center;line-height:1;font-size:50px}.elementor-widget-text-editor .elementor-drop-cap-letter{display:inline-block}<\/style>\t\t\t\t<p><span style=\"font-weight: 400;\">Na nossa empresa, oferecemos um servi\u00e7o completo de fabrica\u00e7\u00e3o de pain\u00e9is el\u00e9tricos sob medida, que vai al\u00e9m da simples produ\u00e7\u00e3o do equipamento. Nossa abordagem abrangente engloba n\u00e3o apenas a fabrica\u00e7\u00e3o do painel, mas tamb\u00e9m a montagem e desmontagem, conforme necess\u00e1rio.<\/span><\/p><p><span style=\"font-weight: 400;\">Nossa equipe de engenheiros el\u00e9tricos altamente qualificados trabalha em estreita colabora\u00e7\u00e3o com os clientes para entender seus requisitos espec\u00edficos. Isso nos permite projetar e fabricar pain\u00e9is que atendam \u00e0s suas necessidades \u00fanicas, garantindo efici\u00eancia, seguran\u00e7a e confiabilidade.<\/span><\/p><p><span style=\"font-weight: 400;\">Al\u00e9m disso, nossos pain\u00e9is s\u00e3o montados com a finalidade de seguir rigorosamente o programa operacional dos clientes. Ao alinhar os pain\u00e9is el\u00e9tricos com os processos e sistemas existentes do cliente, garantimos uma integra\u00e7\u00e3o perfeita e uma maior efici\u00eancia na produ\u00e7\u00e3o. Isso significa que nossos clientes podem contar com nossos pain\u00e9is para contribuir significativamente para o desempenho geral de suas opera\u00e7\u00f5es.<\/span><\/p><p><span style=\"font-weight: 400;\">Uma grande preocupa\u00e7\u00e3o da Drive 7 \u00e9 fornecer equipamentos que atendam as necessidades e que n\u00e3o tragam problema a nossos clientes, e por isso todos os pain\u00e9is que s\u00e3o fabricados s\u00e3o testados antes de sair de nossa f\u00e1brica.<\/span><\/p>\t\t\t\t\t\t<\/div>\n\t\t\t\t<\/div>\n\t\t\t\t<div class=\"elementor-element elementor-element-d909929 elementor-widget elementor-widget-heading\" data-id=\"d909929\" data-element_type=\"widget\" data-widget_type=\"heading.default\">\n\t\t\t\t<div class=\"elementor-widget-container\">\n\t\t\t<h3 class=\"elementor-heading-title elementor-size-default\">Fabrica\u00e7\u00e3o de Pain\u00e9is El\u00e9tricos<\/h3>\t\t<\/div>\n\t\t\t\t<\/div>\n\t\t\t\t<div class=\"elementor-element elementor-element-a195a71 elementor-widget elementor-widget-text-editor\" data-id=\"a195a71\" data-element_type=\"widget\" data-widget_type=\"text-editor.default\">\n\t\t\t\t<div class=\"elementor-widget-container\">\n\t\t\t\t\t\t\t<p><span style=\"font-weight: 400;\">Al\u00e9m dos pain\u00e9is el\u00e9tricos, tamb\u00e9m desenvolvemos e fabricamos pequenas m\u00e1quinas industriais personalizadas, como m\u00e1quinas de corte<\/span><span style=\"font-weight: 400;\">,<\/span> <span style=\"font-weight: 400;\">Rebobinadeiras, Transportadores, etc.<\/span><span style=\"font-weight: 400;\"> Constru\u00eddas com materiais de alta qualidade e tecnologia avan\u00e7ada, nossas m\u00e1quinas s\u00e3o projetadas para melhorar a efici\u00eancia e produtividade das opera\u00e7\u00f5es dos nossos clientes.<\/span><\/p>\t\t\t\t\t\t<\/div>\n\t\t\t\t<\/div>\n\t\t\t\t<div class=\"elementor-element elementor-element-5932a37 elementor-widget elementor-widget-heading\" data-id=\"5932a37\" data-element_type=\"widget\" data-widget_type=\"heading.default\">\n\t\t\t\t<div class=\"elementor-widget-container\">\n\t\t\t<h3 class=\"elementor-heading-title elementor-size-default\">Desenvolvimento de Programas Personalizados<\/h3>\t\t<\/div>\n\t\t\t\t<\/div>\n\t\t\t\t<div class=\"elementor-element elementor-element-8dd3c69 elementor-widget elementor-widget-text-editor\" data-id=\"8dd3c69\" data-element_type=\"widget\" data-widget_type=\"text-editor.default\">\n\t\t\t\t<div class=\"elementor-widget-container\">\n\t\t\t\t\t\t\t<p><span style=\"font-weight: 400;\">Oferecemos servi\u00e7os de desenvolvimento de programas personalizados, projetados para otimizar o desempenho dos equipamentos industriais. Nossa equipe de programadores trabalha para criar solu\u00e7\u00f5es sob medida que minimizem erros, desperd\u00edcios e maximizem a efici\u00eancia operacional.<\/span><\/p><p><span style=\"font-weight: 400;\">Al\u00e9m disso, nossos programas permitem que os operadores identifiquem padr\u00f5es, anomalias e tend\u00eancias de produ\u00e7\u00e3o, melhorando significativamente a qualidade do processo produtivo. Simplifique a gest\u00e3o de dados industriais, alcance novos patamares de precis\u00e3o e eleve sua produ\u00e7\u00e3o ao pr\u00f3ximo n\u00edvel com nossas solu\u00e7\u00f5es personalizadas. <\/span><span style=\"font-weight: 400;\">A Drive 7 tem uma vasta experi\u00eancia em conectar sua planta\u00a0 com a ind\u00fastria 4.0 ou na nuvem possibilitando que voc\u00ea tenha todas as informa\u00e7\u00f5es aonde voc\u00ea estiver.<\/span><\/p>\t\t\t\t\t\t<\/div>\n\t\t\t\t<\/div>\n\t\t\t\t\t<\/div>\n\t\t\t\t<\/div>\n\t\t\t\t<\/div>\n\t\t","protected":false},"excerpt":{"rendered":"<p>Instala\u00e7\u00e3o de Pain\u00e9is, Skids e Kits Fabrica\u00e7\u00e3o de Pain\u00e9is El\u00e9tricos Na nossa empresa, oferecemos um servi\u00e7o completo de fabrica\u00e7\u00e3o de pain\u00e9is el\u00e9tricos sob medida, que vai al\u00e9m da simples produ\u00e7\u00e3o do equipamento. Nossa abordagem abrangente engloba n\u00e3o apenas a fabrica\u00e7\u00e3o do painel, mas tamb\u00e9m a montagem e desmontagem, conforme necess\u00e1rio. Nossa equipe de engenheiros el\u00e9tricos [&hellip;]<\/p>\n","protected":false},"author":1,"featured_media":0,"parent":0,"menu_order":0,"comment_status":"closed","ping_status":"closed","template":"elementor_header_footer","meta":{"footnotes":""},"yoast_head":"<!-- This site is optimized with the Yoast SEO plugin v23.1 - https:\/\/yoast.com\/wordpress\/plugins\/seo\/ -->\n<title>Instala\u00e7\u00e3o de Pain\u00e9is, Skids e Kits - Novo Drive7<\/title>\n<meta name=\"robots\" content=\"index, follow, max-snippet:-1, max-image-preview:large, max-video-preview:-1\" \/>\n<link rel=\"canonical\" href=\"https:\/\/drive7.com.br\/index.php\/paineis-skids-kits\/\" \/>\n<meta property=\"og:locale\" content=\"en_US\" \/>\n<meta property=\"og:type\" content=\"article\" \/>\n<meta property=\"og:title\" content=\"Instala\u00e7\u00e3o de Pain\u00e9is, Skids e Kits - Novo Drive7\" \/>\n<meta property=\"og:description\" content=\"Instala\u00e7\u00e3o de Pain\u00e9is, Skids e Kits Fabrica\u00e7\u00e3o de Pain\u00e9is El\u00e9tricos Na nossa empresa, oferecemos um servi\u00e7o completo de fabrica\u00e7\u00e3o de pain\u00e9is el\u00e9tricos sob medida, que vai al\u00e9m da simples produ\u00e7\u00e3o do equipamento. Nossa abordagem abrangente engloba n\u00e3o apenas a fabrica\u00e7\u00e3o do painel, mas tamb\u00e9m a montagem e desmontagem, conforme necess\u00e1rio. Nossa equipe de engenheiros el\u00e9tricos [&hellip;]\" \/>\n<meta property=\"og:url\" content=\"https:\/\/drive7.com.br\/index.php\/paineis-skids-kits\/\" \/>\n<meta property=\"og:site_name\" content=\"Novo Drive7\" \/>\n<meta property=\"article:modified_time\" content=\"2024-05-08T18:19:02+00:00\" \/>\n<meta name=\"twitter:card\" content=\"summary_large_image\" \/>\n<meta name=\"twitter:label1\" content=\"Est. reading time\" \/>\n\t<meta name=\"twitter:data1\" content=\"2 minutes\" \/>\n<script type=\"application\/ld+json\" class=\"yoast-schema-graph\">{\"@context\":\"https:\/\/schema.org\",\"@graph\":[{\"@type\":\"WebPage\",\"@id\":\"https:\/\/drive7.com.br\/index.php\/paineis-skids-kits\/\",\"url\":\"https:\/\/drive7.com.br\/index.php\/paineis-skids-kits\/\",\"name\":\"Instala\u00e7\u00e3o de Pain\u00e9is, Skids e Kits - Novo Drive7\",\"isPartOf\":{\"@id\":\"https:\/\/drive7.com.br\/#website\"},\"datePublished\":\"2024-03-22T17:41:36+00:00\",\"dateModified\":\"2024-05-08T18:19:02+00:00\",\"breadcrumb\":{\"@id\":\"https:\/\/drive7.com.br\/index.php\/paineis-skids-kits\/#breadcrumb\"},\"inLanguage\":\"en-US\",\"potentialAction\":[{\"@type\":\"ReadAction\",\"target\":[\"https:\/\/drive7.com.br\/index.php\/paineis-skids-kits\/\"]}]},{\"@type\":\"BreadcrumbList\",\"@id\":\"https:\/\/drive7.com.br\/index.php\/paineis-skids-kits\/#breadcrumb\",\"itemListElement\":[{\"@type\":\"ListItem\",\"position\":1,\"name\":\"Home\",\"item\":\"https:\/\/drive7.com.br\/\"},{\"@type\":\"ListItem\",\"position\":2,\"name\":\"Instala\u00e7\u00e3o de Pain\u00e9is, Skids e Kits\"}]},{\"@type\":\"WebSite\",\"@id\":\"https:\/\/drive7.com.br\/#website\",\"url\":\"https:\/\/drive7.com.br\/\",\"name\":\"Novo Drive7\",\"description\":\"\",\"publisher\":{\"@id\":\"https:\/\/drive7.com.br\/#organization\"},\"potentialAction\":[{\"@type\":\"SearchAction\",\"target\":{\"@type\":\"EntryPoint\",\"urlTemplate\":\"https:\/\/drive7.com.br\/?s={search_term_string}\"},\"query-input\":\"required name=search_term_string\"}],\"inLanguage\":\"en-US\"},{\"@type\":\"Organization\",\"@id\":\"https:\/\/drive7.com.br\/#organization\",\"name\":\"Novo Drive7\",\"url\":\"https:\/\/drive7.com.br\/\",\"logo\":{\"@type\":\"ImageObject\",\"inLanguage\":\"en-US\",\"@id\":\"https:\/\/drive7.com.br\/#\/schema\/logo\/image\/\",\"url\":\"https:\/\/drive7.com.br\/wp-content\/uploads\/2024\/02\/logo-branco.png\",\"contentUrl\":\"https:\/\/drive7.com.br\/wp-content\/uploads\/2024\/02\/logo-branco.png\",\"width\":711,\"height\":202,\"caption\":\"Novo Drive7\"},\"image\":{\"@id\":\"https:\/\/drive7.com.br\/#\/schema\/logo\/image\/\"}}]}<\/script>\n<!-- \/ Yoast SEO plugin. -->","yoast_head_json":{"title":"Instala\u00e7\u00e3o de Pain\u00e9is, Skids e Kits - Novo Drive7","robots":{"index":"index","follow":"follow","max-snippet":"max-snippet:-1","max-image-preview":"max-image-preview:large","max-video-preview":"max-video-preview:-1"},"canonical":"https:\/\/drive7.com.br\/index.php\/paineis-skids-kits\/","og_locale":"en_US","og_type":"article","og_title":"Instala\u00e7\u00e3o de Pain\u00e9is, Skids e Kits - Novo Drive7","og_description":"Instala\u00e7\u00e3o de Pain\u00e9is, Skids e Kits Fabrica\u00e7\u00e3o de Pain\u00e9is El\u00e9tricos Na nossa empresa, oferecemos um servi\u00e7o completo de fabrica\u00e7\u00e3o de pain\u00e9is el\u00e9tricos sob medida, que vai al\u00e9m da simples produ\u00e7\u00e3o do equipamento. Nossa abordagem abrangente engloba n\u00e3o apenas a fabrica\u00e7\u00e3o do painel, mas tamb\u00e9m a montagem e desmontagem, conforme necess\u00e1rio. Nossa equipe de engenheiros el\u00e9tricos [&hellip;]","og_url":"https:\/\/drive7.com.br\/index.php\/paineis-skids-kits\/","og_site_name":"Novo Drive7","article_modified_time":"2024-05-08T18:19:02+00:00","twitter_card":"summary_large_image","twitter_misc":{"Est. reading time":"2 minutes"},"schema":{"@context":"https:\/\/schema.org","@graph":[{"@type":"WebPage","@id":"https:\/\/drive7.com.br\/index.php\/paineis-skids-kits\/","url":"https:\/\/drive7.com.br\/index.php\/paineis-skids-kits\/","name":"Instala\u00e7\u00e3o de Pain\u00e9is, Skids e Kits - Novo Drive7","isPartOf":{"@id":"https:\/\/drive7.com.br\/#website"},"datePublished":"2024-03-22T17:41:36+00:00","dateModified":"2024-05-08T18:19:02+00:00","breadcrumb":{"@id":"https:\/\/drive7.com.br\/index.php\/paineis-skids-kits\/#breadcrumb"},"inLanguage":"en-US","potentialAction":[{"@type":"ReadAction","target":["https:\/\/drive7.com.br\/index.php\/paineis-skids-kits\/"]}]},{"@type":"BreadcrumbList","@id":"https:\/\/drive7.com.br\/index.php\/paineis-skids-kits\/#breadcrumb","itemListElement":[{"@type":"ListItem","position":1,"name":"Home","item":"https:\/\/drive7.com.br\/"},{"@type":"ListItem","position":2,"name":"Instala\u00e7\u00e3o de Pain\u00e9is, Skids e Kits"}]},{"@type":"WebSite","@id":"https:\/\/drive7.com.br\/#website","url":"https:\/\/drive7.com.br\/","name":"Novo Drive7","description":"","publisher":{"@id":"https:\/\/drive7.com.br\/#organization"},"potentialAction":[{"@type":"SearchAction","target":{"@type":"EntryPoint","urlTemplate":"https:\/\/drive7.com.br\/?s={search_term_string}"},"query-input":"required name=search_term_string"}],"inLanguage":"en-US"},{"@type":"Organization","@id":"https:\/\/drive7.com.br\/#organization","name":"Novo Drive7","url":"https:\/\/drive7.com.br\/","logo":{"@type":"ImageObject","inLanguage":"en-US","@id":"https:\/\/drive7.com.br\/#\/schema\/logo\/image\/","url":"https:\/\/drive7.com.br\/wp-content\/uploads\/2024\/02\/logo-branco.png","contentUrl":"https:\/\/drive7.com.br\/wp-content\/uploads\/2024\/02\/logo-branco.png","width":711,"height":202,"caption":"Novo Drive7"},"image":{"@id":"https:\/\/drive7.com.br\/#\/schema\/logo\/image\/"}}]}},"_links":{"self":[{"href":"https:\/\/drive7.com.br\/index.php\/wp-json\/wp\/v2\/pages\/513"}],"collection":[{"href":"https:\/\/drive7.com.br\/index.php\/wp-json\/wp\/v2\/pages"}],"about":[{"href":"https:\/\/drive7.com.br\/index.php\/wp-json\/wp\/v2\/types\/page"}],"author":[{"embeddable":true,"href":"https:\/\/drive7.com.br\/index.php\/wp-json\/wp\/v2\/users\/1"}],"replies":[{"embeddable":true,"href":"https:\/\/drive7.com.br\/index.php\/wp-json\/wp\/v2\/comments?post=513"}],"version-history":[{"count":7,"href":"https:\/\/drive7.com.br\/index.php\/wp-json\/wp\/v2\/pages\/513\/revisions"}],"predecessor-version":[{"id":552,"href":"https:\/\/drive7.com.br\/index.php\/wp-json\/wp\/v2\/pages\/513\/revisions\/552"}],"wp:attachment":[{"href":"https:\/\/drive7.com.br\/index.php\/wp-json\/wp\/v2\/media?parent=513"}],"curies":[{"name":"wp","href":"https:\/\/api.w.org\/{rel}","templated":true}]}}